t m(p) = -9*p - 2. Suppose s - 15 = 4*j, -2*j - 15 = -0*s - 3*s. Suppose 1 = h + s. Calculate the remainder when 46 is divided by m(h).
14
Suppose n = 43 + 16. Suppose 2*m = 25 + n. Calculate the remainder when m is divided by 11.
9
Let b = 20 - -100. Calculate the remainder when b is divided by 32.
24
Suppose 0 = -3*c + 26 + 13. Calculate the remainder when -3*(0 + (-76)/6) is divided by c.
12
Let p be (-34)/(-10) + 9/15. Suppose -3*j - 2*i = -p*i - 1054, j - 4*i - 358 = 0. Suppose -j = 3*b - 8*b. What is the remainder when b is divided by 18?
16
What is the remainder when 68 is divided by -18*(-4 + (-30)/(-9))?
8
Let t(u) = u + 17. Let g be t(-15). Suppose -111 = -g*x - x. Calculate the remainder when x is divided by 10.
7
Let h(x) = 6 + 6*x**2 - 5*x**2 + 0*x + 3*x. Calculate the remainder when h(-8) is divided by 24.
22
Suppose -s = -11 - 0. Let x = -45 - -29. Let z = x + 35. Calculate the remainder when z is divided by s.
8
Suppose -4*l - l = -145. Let c = l - 18. What is the remainder when 42 is divided by c?
9
Let o = 2 + 91. Let n = 17 - -7. Calculate the remainder when o is divided by n.
21
Let m(f) be the third derivative of 0*f + 1/120*f**6 - 3/2*f**3 + 1/12*f**4 + f**2 - 2/15*f**5 + 0. What is the remainder when 12 is divided by m(8)?
5
Suppose 0 = 4*x - 7*x + 108. Let v = x - 22. What is the remainder when 40 is divided by v?
12
Let r(u) = -23*u. Let q(m) = -18*m. Let t(y) = -1. Let o(k) = -q(k) + 4*t(k). Calculate the remainder when o(4) is divided by r(-1).
22
Suppose -9*x = -5*x - 48. What is the remainder when 20 is divided by x?
8
Suppose 2*t = 43 + 9. Let s = 41 - t. Calculate the remainder when 28 is divided by s.
13
Let k = -10 - -19. What is the remainder when (-3 + (-100)/12)*-3 is divided by k?
7
Suppose 2*q + 1 - 7 = 0. Suppose 0*k + 51 = q*k. Calculate the remainder when 49 is divided by k.
15
Suppose 0*k + k = 2*w - 108, 2*k + 161 = 3*w. Calculate the remainder when w is divided by 19.
17
Suppose 8 = -5*x + x. Let o be (14/(-4))/(1/x). Suppose o*l = 3*l + 180. Calculate the remainder when l is divided by 12.
9
Suppose m - 7 + 3 = 0. Suppose 5*v = -m*s - 38, -s = s - 5*v + 4. Calculate the remainder when 17 is divided by (0 - s)*(-18)/(-21).
5
Suppose -4*x + 4 = 0, 35 = 3*i + 7*x - 2*x. What is the remainder when 56 is divided by i?
6
Let c(r) = 62*r**2 - r. Calculate the remainder when c(-1) is divided by 11.
8
Suppose 2*y - 5 = y, -3*y + 11 = v. What is the remainder when (-270)/(-14) - v/(-14) is divided by 7?
5
Suppose -2*m + 9 + 75 = 0. Calculate the remainder when m is divided by -1*(2/1 + -13).
9
Let m = -10 + 19. Let x(r) = r**3 - 10*r**2 + 3. Let v be x(10). Suppose v*q - 20 = -2*k, -2*k + q - 8 = -3*q. Calculate the remainder when m is divided by k.
1
Let v be 1/(-1) + (0 - -1). Suppose v = -2*t + 33 - 13. What is the remainder when 410/14 - (-2)/(-7) is divided by t?
9
Let q(t) = -t**3 - t + 21. Let m(g) = g**2 - 6*g. Let u be m(6). Suppose 4*s - 24 = -4*c, 4*s + 2*c = c + 39. What is the remainder when q(u) is divided by s?
10
Suppose 7 = -0*s + s. What is the remainder when 13 is divided by s?
6
Let l = 45 + 16. What is the remainder when 118 is divided by l?
57
Let a = 3 + 22. What is the remainder when (66/(-4))/((-8)/48) is divided by a?
24
Suppose -1 = 3*f - 22. Let n = -1 - -2. Let u = n - -2. What is the remainder when f is divided by u?
1
Let h(n) = n**3 - 6*n**2 + 2*n + 3. Let u(g) = -g**3 + 6*g**2 - 3*g - 3. Let m(l) = -3*h(l) - 4*u(l). What is the remainder when 30 is divided by m(5)?
6
Let r be (-4)/((-3 + 5)/2). What is the remainder when 18 is divided by 10*(0 - 2/r)?
3
Let d(y) be the third derivative of -y**6/120 - y**5/10 + 7*y**4/24 + y**3 + 2*y**2. Calculate the remainder when 17 is divided by d(-7).
5
Suppose -4*d + 3 - 1 = -3*r, 5*r + 12 = -2*d. What is the remainder when 47 is divided by 60/4 - (d - 0)?
15
Let x be (-6)/(-15) + 496/10. Suppose 0 = 3*i - x - 7. Calculate the remainder when 36 is divided by i.
17
Let d(q) = -q**2 - 2*q - 3. Let j be d(-3). Let u(l) = 9*l. Let b be u(-2). Calculate the remainder when 11 is divided by (b/(-15))/(j/(-20)).
3
Suppose 3*n - 2 = -4*f + 16, n = -4*f + 14. Let h be 13/5 - 6/10. Suppose -24 = h*c - 5*c. Calculate the remainder when c is divided by f.
2
Let v = 6 - 6. Suppose v*w = 3*w - 87. What is the remainder when w is divided by 15?
14
Suppose 26 = m - 13. Let k = m - 59. Let y = k - -33. Calculate the remainder when 38 is divided by y.
12
Suppose -3*h - 30 = -5*h. Calculate the remainder when h is divided by 4.
3
Let d = -25 - -69. What is the remainder when d is divided by 16?
12
Let m(j) be the third derivative of 4*j**6/15 - j**5/60 + j**2. Let c be m(1). Suppose c + 29 = 2*v. Calculate the remainder when v is divided by 16.
14
Suppose 5*r = 3*n + 14, 0 = 3*n + r - 5*r + 10. Suppose 3*w + 28 = -u, -3*w = -5*u - 0*u + 22. What is the remainder when (-10)/3*w/6 is divided by n?
1
Suppose w = l - 8, 2*w = 2*l + w - 14. Let t(h) = -h**2 + 5*h + 4. Let i be (-2)/(-2) - -2 - -2. Calculate the remainder when l is divided by t(i).
2
Let q = 37 + -26. Let y = 14 - q. Calculate the remainder when 3 is divided by y.
0
What is the remainder when (150/45)/((-2)/(-18)) is divided by 8?
6
Suppose -5*p - 37 = 5*c - 7, 3*p - 5*c = 14. Let a(d) = d**3 - 7*d**2 + 7*d + 3. What is the remainder when -8 - -11 - 28/p is divided by a(6)?
8
Suppose 2*s - s - 27 = -5*n, -3*s - n = -11. Suppose -6 = -s*d + 28. Let r = -46 + 96. Calculate the remainder when r is divided by d.
16
Let w = 20 - -6. Suppose 4*l - 36 = 5*g, 4*g = -2*l + 3*l + 2. Calculate the remainder when w is divided by l.
12
Let s = -36 - -54. What is the remainder when s is divided by 7?
4
Suppose 1 = -o + 38. Calculate the remainder when o is divided by 13.
11
Let t = 33 - -176. What is the remainder when t is divided by 35?
34
What is the remainder when ((-148)/(-6))/(3 - (-100)/(-36)) is divided by 28?
27
Suppose -374*g - 522 = -383*g. Calculate the remainder when g is divided by (1*2)/((-4)/(-30)).
13
Let m(g) = -g**2 + 6*g + 4. Let y(u) = 1. Let k(i) = m(i) - 3*y(i). Calculate the remainder when 1 is divided by k(6).
0
Suppose -4*h - w + 2*w + 101 = 0, -3*h + 2*w = -82. What is the remainder when h is divided by 14?
10
Let h = -23 + 20. Calculate the remainder when 38 is divided by (h - -4) + (-4 - -13).
8
What is the remainder when 57 is divided by (25 - 0)*40/50?
17
Let w(j) = 2*j**2 + 2*j - 5. What is the remainder when w(-4) is divided by 5?
4
Let z(r) = r**2 - 5*r - 9. Let b be z(7). Suppose 0 = -b*x - 3*t + 16, x - t - 9 = -1. Let h = -3 + 10. Calculate the remainder when h is divided by x.
2
Let i(q) = 2*q - 1. Let p be i(0). Let h = p + 21. Calculate the remainder when 57 is divided by h.
17
Suppose -8*h + 12*h = 0, -2*j + 2*h + 14 = 0. Calculate the remainder when 67 is divided by j.
4
Let g = -9 - -11. Suppose -g*h - h = -3. What is the remainder when 49 is divided by (-17)/(-2)*(1 + h)?
15
Let n(d) = -d - 6. Let u be n(-6). Suppose u = -2*p, -2*q + 30 = p - 3*p. Calculate the remainder when 42 is divided by q.
12
Let w(v) = v + 5. Suppose 3*t - 92 = -4*k - t, -5*t + 94 = 4*k. Calculate the remainder when k is divided by w(6).
10
What is the remainder when 59*2*(-1)/(-2) is divided by 20?
19
Let u(r) = -r**2 + 8*r + 2. Suppose 0*l - 2*n + 2 = l, -n - 14 = 3*l. Let q be u(l). Let o = q - -125. What is the remainder when o is divided by 15?
13
Suppose -u + 5*i = -4*u + 76, -5*u = -i - 80. Suppose -2*c + 3*h = -68, -6*c + c - 5*h + 145 = 0. Calculate the remainder when c is divided by u.
14
Suppose 0*g - 3 = 3*k - 3*g, 0 = -5*k - 2*g + 9. Calculate the remainder when 3 is divided by -3*(-1)/(1/k).
0
Suppose 2*o - 176 + 40 = 0. What is the remainder when o is divided by 24?
20
Let o(w) = -2*w - 6. Let m be o(-4). Suppose -q - 13 = -m*q. Suppose -5*r + 45 + 145 = 0. What is the remainder when r is divided by q?
12
Suppose -2*q + 30 = 3*q. Let j(k) = 4*k + 2. Let t = 2 + 7. Calculate the remainder when j(q) is divided by t.
8
Let z = 63 - 28. Let v = -167 - -246. Suppose 4*b = -2*w + 62, -w = -3*b + 4*w + v. What is the remainder when z is divided by b?
17
Suppose u + 6 = -3*i - 1, -2*i - 3 = u. Suppose -2*m + m + u*y = -38, 4*y = 12. What is the remainder when m is divided by 14?
11
